{"id":4,"date":"2018-12-03T12:28:06","date_gmt":"2018-12-03T12:28:06","guid":{"rendered":"http:\/\/buchbinderei-bock.de\/?page_id=4"},"modified":"2019-07-06T18:55:50","modified_gmt":"2019-07-06T18:55:50","slug":"materialis","status":"publish","type":"page","link":"http:\/\/buchbinderei-bock.de\/","title":{"rendered":"Front Page"},"content":{"rendered":"<div id=\"wuensche\" class=\"about-4 content-section content-section-spacing-large\" style=\"background-color: #f5fafd;\" data-label=\"Wuensche\" data-id=\"about-4\" data-export-id=\"about-4\" data-category=\"about\">\n<div class=\"gridContainer\">\n<div class=\"row middle-sm text-center\">\n<div class=\"col-sm-5 space-bottom-xs\" data-type=\"column\">\n<h5 class=\"\">Ihre B\u00fccher sind bei mir in guten H\u00e4nden.<\/h5>\n<h2 class=\"\">Sie haben individuelle<span style=\"font-family: Playfair Display,sans-serif; font-weight: bold; font-style: italic;\"> W\u00fcnsche<\/span>\n\nund Vorstellungen?<\/h2>\n<p class=\"\">Im pers\u00f6nlichen Gespr\u00e4ch finden wir die passende L\u00f6sung.<\/p>\n\n\n<\/div>\n<div class=\"col-sm-7 flexbox center-xs middle-xs image-group-2-img padding-top-bottom\"><img decoding=\"async\" class=\"img-1 rounded mdc-elevation--z10\" src=\"http:\/\/buchbinderei-bock.de\/wp-content\/uploads\/2018\/12\/cropped-3-4.jpg\" data-size=\"250x200\" \/> <img decoding=\"async\" class=\"img-2 rounded mdc-elevation--z10\" src=\"http:\/\/buchbinderei-bock.de\/wp-content\/uploads\/2018\/12\/cropped-10.jpg\" data-size=\"220x170\" \/><\/div>\n<\/div>\n<\/div>\n<\/div>\n<div id=\"features-1\" class=\"features-16 content-section content-section-spacing-large\" style=\"background-color: #f5fafd;\" data-label=\"Features\" data-id=\"features--1\" data-export-id=\"features-16\" data-category=\"features\">\n<div class=\"gridContainer\">\n<div class=\"row text-center\">\n<div class=\"section-title-col\" data-type=\"column\">\n<h2 class=\"\">Referenzen<\/h2>\n<\/div>\n<\/div>\n<div class=\"row spaced-cols\" data-type=\"row\">\n<div class=\"col-xs-12 col-sm-6 col-md-4 space-bottom\"><img decoding=\"async\" class=\"face mdc-elevation--z3\" src=\"http:\/\/buchbinderei-bock.de\/wp-content\/uploads\/2018\/12\/cropped-13-1.jpg\" \/>\n<div class=\"col-padding-small col-padding-small-xs description-container\" data-type=\"column\"><\/div>\n<\/div>\n<div class=\"col-xs-12 col-sm-6 col-md-4 space-bottom\"><img decoding=\"async\" class=\"face mdc-elevation--z3\" src=\"http:\/\/buchbinderei-bock.de\/wp-content\/uploads\/2018\/12\/cropped-14-1.jpg\" \/>\n<div class=\"col-padding-small col-padding-small-xs description-container\" data-type=\"column\"><\/div>\n<\/div>\n<div class=\"col-xs-12 col-sm-6 col-md-4 space-bottom\"><img decoding=\"async\" class=\"face mdc-elevation--z3\" src=\"http:\/\/buchbinderei-bock.de\/wp-content\/uploads\/2018\/12\/cropped-11-1.jpg\" \/>\n<div class=\"col-padding-small col-padding-small-xs description-container\" data-type=\"column\"><\/div>\n<\/div>\n<div class=\"col-xs-12 col-sm-6 col-md-4 space-bottom\"><img decoding=\"async\" class=\"face mdc-elevation--z3\" src=\"http:\/\/buchbinderei-bock.de\/wp-content\/uploads\/2018\/12\/cropped-9-1.jpg\" \/>\n<div class=\"col-padding-small col-padding-small-xs description-container\" data-type=\"column\"><\/div>\n<\/div>\n<div class=\"col-xs-12 col-sm-6 col-md-4 space-bottom\"><img decoding=\"async\" class=\"face mdc-elevation--z3\" src=\"http:\/\/buchbinderei-bock.de\/wp-content\/uploads\/2018\/12\/cropped-17-1.jpg\" \/>\n<div class=\"col-padding-small col-padding-small-xs description-container\" data-type=\"column\"><\/div>\n<\/div>\n<div class=\"col-xs-12 col-sm-6 col-md-4 space-bottom\"><img decoding=\"async\" class=\"face mdc-elevation--z3\" src=\"http:\/\/buchbinderei-bock.de\/wp-content\/uploads\/2018\/12\/cropped-8-4.jpg\" \/>\n<div class=\"col-padding-small col-padding-small-xs description-container\" data-type=\"column\"><\/div>\n<\/div>\n<\/div>\n<\/div>\n<\/div>\n<div id=\"oeffnungszeiten\" class=\"content-8m content-section-spacing-large content-section\" style=\"background-color: #f5fafd; background-image: none;\" data-label=\"Oeffnungszeiten\" data-id=\"content-8-materialis\" data-export-id=\"content-8-materialis\" data-category=\"content\">\n<div class=\"gridContainer\">\n<div class=\"row middle-sm\">\n<div class=\"col-md-5 col-xs-12 col-sm-6 space-bottom-xs\" data-type=\"column\">\n<h3 class=\"\">\u00d6ffnungszeiten<\/h3>\n<p class=\"space-top\">Montag, Mittwoch &amp; Freitag: jeweils geschlossen<\/p>\n<p class=\"space-top\">Dienstag: 13:00 Uhr \u2013 17:00 Uhr<\/p>\n<p class=\"space-top\">Donnerstag: 11:00 Uhr \u2013 17:00 Uhr<\/p>\n<p class=\"space-top\">Termine au\u00dferhalb der \u00d6ffnungszeiten nach Vereinbarung!<\/p>\n\n\n<\/div>\n<div class=\"col-md-6 col-md-offset-1 col-xs-12 col-sm-6\"><img decoding=\"async\" class=\"mdc-elevation--z9 rounded\" src=\"http:\/\/buchbinderei-bock.de\/wp-content\/uploads\/2018\/12\/cropped-16.jpg\" \/><\/div>\n<\/div>\n<\/div>\n<\/div>\n<div id=\"kontakt\" class=\"contact-1 content-section content-section-spacing-large content-relative white-text\" style=\"background-image: url('http:\/\/buchbinderei-bock.de\/wp-content\/uploads\/2018\/12\/4.jpg'); background-size: cover; background-position: center top;\" data-label=\"Kontakt\" data-id=\"contact-1\" data-export-id=\"contact-1\" data-category=\"contact\" data-parallax-depth=\"20\">\n<div class=\"gridContainer\">\n<div class=\"row text-center\">\n<div class=\"section-title-col\" data-type=\"column\">\n<h2 class=\"\">Kontakt<\/h2>\n<p class=\"lead\">Bei Fragen kontaktieren Sie mich einfach:<\/p>\n\n<\/div>\n<\/div>\n<div class=\"row text-center\">\n<div class=\"col-xs-12 col-sm-8 col-sm-offset-2 contact-form-wrapper inline-info\">\n<div class=\"card mdc-elevation--z3 col-padding-top\">\n<div class=\"dark-text\" data-content-shortcode=\"materialis_contact_form shortcode=&quot;contact-form-7 id=&amp;amp;quot;60&amp;amp;quot; title=&amp;amp;quot;Kontaktformular 1&amp;amp;quot;&quot;\" data-editable=\"true\">\n<div class=\"wpcf7 no-js\" id=\"wpcf7-f60-o1\" lang=\"de-DE\" dir=\"ltr\" data-wpcf7-id=\"60\">\n<div class=\"screen-reader-response\"><p role=\"status\" aria-live=\"polite\" aria-atomic=\"true\"><\/p> <ul><\/ul><\/div>\n<form action=\"\/index.php?rest_route=%2Fwp%2Fv2%2Fpages%2F4#wpcf7-f60-o1\" method=\"post\" class=\"wpcf7-form init\" aria-label=\"Kontaktformular\" novalidate=\"novalidate\" data-status=\"init\">\n<fieldset class=\"hidden-fields-container\"><input type=\"hidden\" name=\"_wpcf7\" value=\"60\" \/><input type=\"hidden\" name=\"_wpcf7_version\" value=\"6.1.5\" \/><input type=\"hidden\" name=\"_wpcf7_locale\" value=\"de_DE\" \/><input type=\"hidden\" name=\"_wpcf7_unit_tag\" value=\"wpcf7-f60-o1\" \/><input type=\"hidden\" name=\"_wpcf7_container_post\" value=\"0\" \/><input type=\"hidden\" name=\"_wpcf7_posted_data_hash\" value=\"\" \/>\n<\/fieldset>\n<p><label> Ihr Name (Pflichtfeld)<br \/>\n<span class=\"wpcf7-form-control-wrap\" data-name=\"your-name\"><input size=\"40\" maxlength=\"400\" class=\"wpcf7-form-control wpcf7-text wpcf7-validates-as-required\" aria-required=\"true\" aria-invalid=\"false\" value=\"\" type=\"text\" name=\"your-name\" \/><\/span> <\/label>\n<\/p>\n<p><label> Ihre E-Mail-Adresse (Pflichtfeld)<br \/>\n<span class=\"wpcf7-form-control-wrap\" data-name=\"your-email\"><input size=\"40\" maxlength=\"400\" class=\"wpcf7-form-control wpcf7-email wpcf7-validates-as-required wpcf7-text wpcf7-validates-as-email\" aria-required=\"true\" aria-invalid=\"false\" value=\"\" type=\"email\" name=\"your-email\" \/><\/span> <\/label>\n<\/p>\n<p><label> Betreff<br \/>\n<span class=\"wpcf7-form-control-wrap\" data-name=\"your-subject\"><input size=\"40\" maxlength=\"400\" class=\"wpcf7-form-control wpcf7-text\" aria-invalid=\"false\" value=\"\" type=\"text\" name=\"your-subject\" \/><\/span> <\/label>\n<\/p>\n<p><label> Ihre Nachricht<br \/>\n<span class=\"wpcf7-form-control-wrap\" data-name=\"your-message\"><textarea cols=\"40\" rows=\"10\" maxlength=\"2000\" class=\"wpcf7-form-control wpcf7-textarea\" aria-invalid=\"false\" name=\"your-message\"><\/textarea><\/span> <\/label>\n<\/p>\n<p><input class=\"wpcf7-form-control wpcf7-submit has-spinner\" type=\"submit\" value=\"Senden\" \/>\n<\/p><div class=\"wpcf7-response-output\" aria-hidden=\"true\"><\/div>\n<\/form>\n<\/div>\n<\/div>\n<\/div>\n<\/div>\n<\/div>\n<\/div>\n<\/div>","protected":false},"excerpt":{"rendered":"<p>Ihre B\u00fccher sind bei mir in guten H\u00e4nden. Sie haben individuelle W\u00fcnsche und Vorstellungen? Im pers\u00f6nlichen Gespr\u00e4ch finden wir die passende L\u00f6sung. Referenzen \u00d6ffnungszeiten Montag, Mittwoch &amp; Freitag: jeweils geschlossen Dienstag: 13:00 Uhr \u2013 17:00 Uhr Donnerstag: 11:00 Uhr \u2013 17:00 Uhr Termine au\u00dferhalb der \u00d6ffnungszeiten nach Vereinbarung! Kontakt Bei Fragen kontaktieren Sie mich einfach:<\/p>\n","protected":false},"author":1,"featured_media":0,"parent":0,"menu_order":0,"comment_status":"closed","ping_status":"closed","template":"page-templates\/homepage.php","meta":{"footnotes":""},"class_list":["post-4","page","type-page","status-publish","hentry"],"_links":{"self":[{"href":"http:\/\/buchbinderei-bock.de\/index.php?rest_route=\/wp\/v2\/pages\/4","targetHints":{"allow":["GET"]}}],"collection":[{"href":"http:\/\/buchbinderei-bock.de\/index.php?rest_route=\/wp\/v2\/pages"}],"about":[{"href":"http:\/\/buchbinderei-bock.de\/index.php?rest_route=\/wp\/v2\/types\/page"}],"author":[{"embeddable":true,"href":"http:\/\/buchbinderei-bock.de\/index.php?rest_route=\/wp\/v2\/users\/1"}],"replies":[{"embeddable":true,"href":"http:\/\/buchbinderei-bock.de\/index.php?rest_route=%2Fwp%2Fv2%2Fcomments&post=4"}],"version-history":[{"count":17,"href":"http:\/\/buchbinderei-bock.de\/index.php?rest_route=\/wp\/v2\/pages\/4\/revisions"}],"predecessor-version":[{"id":117,"href":"http:\/\/buchbinderei-bock.de\/index.php?rest_route=\/wp\/v2\/pages\/4\/revisions\/117"}],"wp:attachment":[{"href":"http:\/\/buchbinderei-bock.de\/index.php?rest_route=%2Fwp%2Fv2%2Fmedia&parent=4"}],"curies":[{"name":"wp","href":"https:\/\/api.w.org\/{rel}","templated":true}]}}